) = t**2 - 5*t + 4. Calculate the remainder when x(-5) is divided by a.
12
Suppose 4*p - 24 + 8 = 0. Let h = 9 + -3. Let o(t) = t**2 - 5*t + 3. Calculate the remainder when o(h) is divided by p.
1
Let b = 7 + -2. Suppose -2*f + 5 = f - b*s, -2*f = 2*s + 2. What is the remainder when f/(-2) - (-1 + -19) is divided by 11?
9
Let o = 29 + -8. Calculate the remainder when 41 is divided by o.
20
Let u(y) = y**2 + 8*y + 4. Let j be u(-9). Let a = -5 + j. Calculate the remainder when a is divided by (-4)/6*(-18)/4.
2
Suppose 24 + 36 = 3*k. Let g(i) = 2*i - 4*i**2 - i + i**3 + 2*i - 1. Calculate the remainder when k is divided by g(4).
9
Let a = -27 + 41. Let z = 27 - a. Let d = 5 + 0. What is the remainder when z is divided by d?
3
Let y = -20 + 29. Let s(p) = 5*p - 13. Calculate the remainder when s(y) is divided by 11.
10
Let d = -41 + 58. Calculate the remainder when 50 is divided by d.
16
Let p(y) = -y**3 - 4*y**2 + 7*y + 3. Let o be p(-5). Let d = o + 13. Calculate the remainder when 1/3*(45 + 6) is divided by d.
5
Suppose 0 = -5*j + 12 + 3. What is the remainder when j is divided by 5/2 - 1/2?
1
Let m(p) = -3*p - 6. Let x = 20 - 3. Calculate the remainder when x is divided by m(-5).
8
Let j(v) = 3*v - 1. Calculate the remainder when ((-26)/4)/(3/(-30)) is divided by j(6).
14
Let v = 151 + -124. What is the remainder when 188 is divided by v?
26
Let m be (0 - -2)*205/10. Let l = -29 + m. What is the remainder when 43 is divided by l?
7
Suppose -4*k + 2 = 6, f - 22 = 2*k. Calculate the remainder when 59 is divided by f.
19
Suppose -g + 16 = 5*l, g - l - 6 = -2. Let k = g - 2. What is the remainder when 10 is divided by k?
2
Let f(v) = v - 19. Let p be f(6). Let h = -5 - p. Calculate the remainder when 14 is divided by h.
6
Let p(m) = -m. Calculate the remainder when p(-3) is divided by ((-4 - -3)*1)/(-1).
0
Let q(n) = n + 4. Let z = 1 - -3. Suppose 0*y = y - z. What is the remainder when q(2) is divided by y?
2
Suppose z - 5*n = 10, -2*z - 4*n + 35 = 1. Let s(w) = -2*w**3 - w**2 + 2*w + 4. What is the remainder when s(-3) is divided by z?
13
Suppose -18 = 5*t + 2*k, 0*t - 5*t + 5*k = 25. What is the remainder when 3 is divided by (t - -6) + 0 + 0?
1
Let q(d) = -d**3 - 9*d**2 - 4*d - 14. Calculate the remainder when 79 is divided by q(-9).
13
Let a = -277 - 51. Calculate the remainder when a/(-18) - 2/9 is divided by (1/(-2))/(1/(-10)).
3
Let y be 1/(-3) - 1/(-3). Suppose y = 3*p - 64 - 77. Calculate the remainder when p is divided by 25.
22
Suppose 3*s - 9 = -0*s. What is the remainder when s is divided by (-1 + (-2 - 1))/(-2)?
1
Suppose -4*a + 54 = -a. Let w = a + -1. Calculate the remainder when w is divided by 6.
5
Suppose 0 = -3*z - z + j + 18, -3*z + 20 = -4*j. Suppose z*h = 5*n + 117, 4*h - n - 102 = n. Let a = h + -12. What is the remainder when 43 is divided by a?
10
Suppose 0 = -5*i + 19 + 6. Suppose z + 4 = -i*u - 6, 8 = 4*z - 4*u. Suppose -3*o + 143 - 5 = z. What is the remainder when o is divided by 16?
14
Let w = 0 - -3. Suppose 4*r - 111 = -5*j, -3*r - w*j = r - 121. What is the remainder when r is divided by 9?
7
Let q = 24 - 11. Calculate the remainder when q is divided by 5.
3
Let i(u) = u**3 + 12*u**2 + 10*u - 2. Calculate the remainder when 44 is divided by i(-11).
8
Let g(p) = -4*p**3 + p**2 + 2*p + 2. Calculate the remainder when g(-3) is divided by 29.
26
Let q(o) = -6*o - 3. Suppose 2*f = 3*g + 10, 3*f - 2*f - 12 = 5*g. What is the remainder when q(g) is divided by 5?
4
Let r(c) = 7*c - 1. Let m be r(1). Suppose 4*b = 3*b + m. Suppose 4*p - 104 = -36. Calculate the remainder when p is divided by b.
5
Let n(d) = 10*d**2 + d - 1. Suppose 3*s - 26 = 4. What is the remainder when n(-2) is divided by s?
7
Let f(w) = -w - 1. Let l be f(1). Suppose 0 = 5*m + 10, -3*v + 3*m + 23 = -25. What is the remainder when (l/4)/(4/(-208)) is divided by v?
12
Let z(v) = v**2 - 7*v - 4. Let l be z(6). Let b(h) = -h**2 - 12*h - 11. Calculate the remainder when 25 is divided by b(l).
7
Let y(s) = -18*s + 13. What is the remainder when y(-6) is divided by 25?
21
Suppose 5*b + 5 = 10. Calculate the remainder when -1*(b + -2 + -51) is divided by 18.
16
Suppose 5*y - 4*a - 15 = 26, 5*a + 31 = 4*y. Calculate the remainder when 15 is divided by y.
6
Suppose -18 = -2*t - 4*o, 3*t - 4*o = 65 - 18. Let c(z) = -9*z - 5. What is the remainder when c(-6) is divided by t?
10
Suppose -37 = -3*y + 3*p + 8, 0 = -5*y - 5*p + 65. Suppose -3*h + y = -h. Suppose 4*n - 12 = 3*n. What is the remainder when n is divided by h?
5
Suppose c - 3*u - 8 = 0, -c - 3*u + 2 = 3*c. Suppose c*m = 4*b - 94, -7 - 17 = -b + m. What is the remainder when b is divided by 12?
11
Let x(u) = 2*u**2 - u - 3. Calculate the remainder when x(-8) is divided by 34.
31
What is the remainder when 100 is divided by (-2)/(-4) - 0 - (-693)/42?
15
Let r = 0 + 0. Suppose 0 = 3*z - r*z - 114. Suppose -3*n - 5 + z = 4*v, -5*n = -4*v + 41. Calculate the remainder when 17 is divided by v.
8
Let s(t) = t**2 - 4*t. Calculate the remainder when 178 is divided by s(-5).
43
Suppose 0*d = 4*d - 184. Calculate the remainder when d is divided by 24.
22
Suppose -74*p - 47 = -75*p. What is the remainder when p is divided by 6?
5
Suppose -20 = -4*t + 8*t. Let h = 26 + t. What is the remainder when h is divided by 6?
3
Let p(c) = c**2 - 3*c - 7. Let x be (7/3)/((-7)/(-21)). Calculate the remainder when 62 is divided by p(x).
20
Suppose -x = x. Let j be (3 - 3) + 0 + x. Suppose j = -n + 5 - 3. Calculate the remainder when n is divided by 2.
0
Let d = 14 + -14. Suppose -2*v + 76 = -d*v. Calculate the remainder when v is divided by 10.
8
Suppose 0 = 4*y - k + 97, -y - y + 2*k - 50 = 0. What is the remainder when 25 is divided by y/(-20)*15/2?
7
Let w(n) = -n**2 + 8*n + 3. Let h(f) = 2*f - 6. Let u be h(6). Let y = 20 - -24. Calculate the remainder when y is divided by w(u).
14
Suppose 3*y - 4*y = -4. What is the remainder when 9 is divided by y?
1
Let j(c) = c**3 + 10*c**2 + 12*c. Let r be j(-8). Let w = 51 - r. Calculate the remainder when w is divided by 7.
5
Suppose -2*o = 4*v - 44, 3*v - v = 3*o - 50. Calculate the remainder when 32 is divided by o.
14
Suppose -j + s = -31, 2*s - 6*s - 152 = -5*j. Calculate the remainder when 53 is divided by j.
25
Suppose -2*o = b - 3*b - 46, -3*o + b + 61 = 0. Let m = 370 - 336. Calculate the remainder when m is divided by o.
15
Let k(j) = j. Calculate the remainder when 38 is divided by k(13).
12
Let r = -5 - -5. Suppose r = -0*n + 2*n + 40. Calculate the remainder when (-1)/5 - 444/n is divided by 12.
10
Let d = -6 + 12. Let p(z) = 2*z - 3. Let h be p(d). Suppose 0 = -t + h + 2. Calculate the remainder when 31 is divided by t.
9
Let c be (-81)/9 + 2 + -1. Let w(u) = -15*u - 9. What is the remainder when w(c) is divided by 28?
27
Let f(c) = 14*c**2 + 1. Calculate the remainder when 57 is divided by f(1).
12
Suppose 3*x + 6 = -9, 0 = 4*i - 5*x - 25. Suppose 0 = -t + 3*v + 17, i = t - v + 4*v - 41. What is the remainder when t is divided by 10?
9
Let c = -100 - -125. Suppose -2*i = w - 3*i - 17, -16 = 4*i. Let t = -4 + w. Calculate the remainder when c is divided by t.
7
Suppose -2*n - 50 = -7*n. Let i = n + -7. Suppose 72 = i*l - 2*g, 2*g = -0*l - l + 32. What is the remainder when l is divided by 9?
8
Suppose 5*r - 1 - 14 = -3*x, 5*x - 25 = 2*r. Calculate the remainder when 19 is divided by x.
4
Suppose -2*u + 160 = -2*m, 309 - 29 = 3*u + 5*m. Suppose -u = -5*x - w, 0*x + 4*x + 5*w - 89 = 0. Calculate the remainder when 46 is divided by x.
14
Let o = 68 + -41. Let z = -103 - -67. Let v = 51 + z. What is the remainder when o is divided by v?
12
Let m = -27 - -11. Let h = m - -25. What is the remainder when 25 is divided by h?
7
Let s = 104 - 61. Suppose -n = 5*v - 27, -3*n - 4*v + 12 = -14. Calculate the remainder when s is divided by 217/14 + (-1)/n.
13
Let h = 2 - -10. What is the remainder when h is divided by 51/(-34)*(-14)/3?
5
Let p(i) = -i - 5. Let q be p(-5). Suppose 2*m - 5*t - 45 = 0, -5*m + 2*t + 77 - 17 = q. Calculate the remainder when 19 is divided by m.
9
What is the remainder when (4/8 - (-123)/18)*3 is divided by 2/(-3) + (-17)/(-3)?
2
Suppose 0 = -4*x - 20 + 164. Suppose 2*k - 4*k + x = 0. Let i = 27 + 7. What is the remainder when i is divided by k?
16
Sup